osite?
True
Let t be -1*1*(-2 - 1). Suppose 0 = t*c - c - 268. Is (-2)/14 - c/(-7) composite?
False
Let k be 290 + (4/4 - -1). Let n = -151 + k. Is n a prime number?
False
Let h(v) = 8*v + 2. Let z be h(-1). Is (3/z + 2)*3916/6 a prime number?
False
Let g(y) = 5*y - 10. Let a be g(3). Suppose 3*h - 78 = -a*t + 914, -5*h = 5*t - 990. Is t a composite number?
False
Suppose 2*h - 6*h - 5*j = -8, -4 = -2*h - 3*j. Let a(i) = 16*i + 0*i**2 + i**3 - 2*i**2 - 3*i**2 - 1 - 7*i**h. Is a(12) a prime number?
True
Let d(q) = 1392*q + 5. Let o(x) = 2783*x + 11. Let g(a) = 7*d(a) - 3*o(a). Is g(1) a composite number?
True
Suppose -4*i + 2*i = 4. Let h(m) = -m**3 - 3*m**2 - 3*m - 1. Let n be h(i). Is 14/((-3)/(-2 - n)) composite?
True
Let s(u) = -233*u. Let y = 19 + -20. Is s(y) prime?
True
Let s = 2205 + 2936. Is s prime?
False
Suppose -4*v + 112 = -116. Let x = 524 - v. Is x composite?
False
Let o(s) = -s**2 - 11*s + 10. Let v be o(-9). Suppose 0 = 5*l - 2 - v. Let h(m) = 13*m**2 + 1. Is h(l) prime?
False
Suppose 2*i - 40 = 34. Let n = i - -120. Is n composite?
False
Let c = 31882 - 11613. Is c a composite number?
False
Is ((-369)/9*1)/((-2)/422) prime?
False
Let z = 3 + 2. Suppose 2206 = -z*h + 3*w, -3*w = -0*w + 9. Let r = 1230 + h. Is r a prime number?
True
Let z = -1102 - -14. Let x = 2203 + z. Is x a prime number?
False
Let k(j) = 1345*j + 299. Is k(20) a prime number?
False
Let b(t) = -t**3 + 10*t**2 + 7*t - 11. Let u be b(11). Let d be 4/(0 - 4/(-232)). Let n = d + u. Is n a prime number?
False
Suppose 335106 = 25*q + 30181. Is q a prime number?
True
Suppose 0 = -f + 5, 3*o + 0*o - 2*f = 42053. Is o composite?
True
Let y(t) = -t + 27. Let w be y(-11). Let v = w - 36. Is 42 - (-2 - (-3 + v)) composite?
False
Let u(w) = 10*w + 2. Let r be u(2). Let t be r/11 - 2*-1. Suppose -t*s = 4*b - 1008, b = 2*s + 6*b - 501. Is s composite?
True
Let q be (-5)/(-20) - 5/4. Let x be (q + -1)/((-20)/30). Suppose -5*h + 2*o = o - 1119, -h + 235 = -x*o. Is h composite?
False
Let y(i) = -14*i - 29. Let z be y(-29). Suppose -v - v + j + z = 0, 5*v - 950 = j. Is v a prime number?
True
Let k be (240/(-2))/(1/(-2)). Let a = k + -881. Let j = -312 - a. Is j prime?
False
Suppose -2 = 4*a - 2*y, -2*a - 13 = -4*y + 3. Is a/(-5) + 1*50571/15 composite?
False
Let i = -8949 - -24818. Is i a prime number?
False
Let d = 20059 + -5136. Is d prime?
True
Let d(a) = 5427*a**2 - 33*a - 85. Is d(-3) a composite number?
False
Suppose 0*b + 624 = 2*b. Suppose 1386 = 2*z - b. Is z composite?
True
Suppose 6*i - 30 = -12. Suppose 2*b - i*b + 141 = 0. Suppose 2*g - b = 621. Is g a composite number?
True
Let t(k) = k + 31 - 18 + 0*k. Let c be t(-5). Is (-1)/1 + (40 - c) prime?
True
Let l(v) = v**2 + 8*v - 7. Let p be l(-9). Suppose 574 = p*w - 88. Is w a prime number?
True
Suppose 3*u - 9 = -0*u. Suppose 2*i - 29 = -4*k - 7, 0 = u*k. Let g(v) = 5*v - 18. Is g(i) a prime number?
True
Let m(b) = 2*b**2 - 19*b + 18. Is m(-17) composite?
False
Let z(p) = 19263*p**2 + 12*p - 56. Is z(3) a composite number?
False
Let z = -23 + 66. Let b = z - -16. Is b composite?
False
Let g = -3406 - -5400. Suppose -6*u + 3124 = -g. Is u a prime number?
True
Suppose -5*r - 2*j + j = 228, 5*r + 3*j + 234 = 0. Suppose -79 = 5*m - 399. Let i = m + r. Is i composite?
False
Suppose 43035 = 4*u + 4*g - 55705, -3*g = 0. Is u a prime number?
False
Is (148/6)/(10/1305*3) prime?
False
Let s = 202 - 1975. Let a = s + 3550. Is a a prime number?
True
Let r = -1 - -2. Suppose 0 = -y - 5*n + 11 - 12, 3*y - 5*n = -3. Is (r - y)/((-14)/(-4963)) a composite number?
False
Let m = -5 - -4. Is 0/m + 0 + 329 prime?
False
Let p(j) = 2*j**3 + 16*j**2 - 5*j + 22. Let x be p(-8). Suppose 6 = 2*y - 4*w, y + y = 2*w + 10. Let r = y + x. Is r prime?
False
Suppose 2*g = -2*j + 16, -j - 3 = -7. Suppose g*s + s = -525. Is (58/(-6))/(5/s) a prime number?
False
Let z = 143862 - 79817. Is z prime?
False
Let r = 28 - 17. Let h = r - 8. Suppose -h*m - 4*n + 1521 = 0, 2546 = 5*m + 2*n + n. Is m a composite number?
True
Let w(v) = v**2 + 4*v + 5. Let j be w(-4). Suppose -p + 3*d - 10 = 0, -j*p + 18 = 3*d - d. Suppose 5 = k, p*h + 21 = 4*h - 5*k. Is h a prime number?
True
Let v = -3 + 4. Let l be (-5)/((-1)/(16 + v)). Let f = -14 + l. Is f prime?
True
Let k be -3 + -2*(-6 - -2). Suppose -5*s = -g - 0 - 15, -2*s + k*g - 17 = 0. Suppose -s*f + 33 = -1147. Is f a prime number?
False
Suppose -2*d + 32339 = 3*n, -5*n + 91*d + 53897 = 95*d. Is n composite?
False
Suppose 6*g = 4*g - 42. Is (21/g)/(2/(-586)) composite?
False
Suppose -146*o - 3786 = -152*o. Is o a prime number?
True
Let o be (-7)/(-14) + (-10)/(-4). Suppose 0 = o*q, 4*a = 5*q + 1913 + 627. Suppose 7*m - 8*m + a = 0. Is m a composite number?
True
Let a = -16 - -14. Let y be 6 + -4 - a*1. Suppose 1071 = -5*f - 2*s + 3406, -y*s = 0. Is f composite?
False
Let n(q) be the second derivative of -q**3/6 - 7*q**2 - 9*q. Let w be n(-6). Is (-3 - 20/w)*-614 a prime number?
True
Suppose -317*c + 20231 = -316*c. Is c a prime number?
True
Suppose -u + 4*u = 0. Let p(v) = -6 + 46*v - 1 + u. Is p(15) a composite number?
False
Suppose 0 = -6*j - 21 - 9. Is j/((-80)/652)*12/3 a prime number?
True
Let u be (-2 - -9) + 0 + 0 + -4. Suppose -u*k + 1026 = -429. Is k a prime number?
False
Let h(n) = n**3 - 8*n**2 - 8*n - 9. Let x be h(9). Is (-20426)/(-28)*(2 - x) a composite number?
False
Let o(v) = 96*v**2 - 9*v - 5. Is o(-6) prime?
False
Suppose 0 = -5*k + 6 + 14. Suppose f - i = -4*f + 79, 0 = -f + k*i + 31. Is f prime?
False
Let b(d) = 294*d**2 - 2*d + 1. Let o be b(1). Suppose y - 3*g = 174, 2*y - 4*g + 9*g = o. Suppose 631 = 2*x + h, y = 3*x - 2*h - 798. Is x composite?
False
Suppose 0 = -49*l + 31*l + 101988. Is l a prime number?
False
Let w(k) = 11118*k + 39. Is w(1) a composite number?
True
Let r = 2786 - -7611. Is r a composite number?
True
Suppose 4*s + 7 = -1. Let c be (-3 - -11)/(s/(-52)). Suppose -3*f = -c + 7. Is f prime?
True
Let n(x) = -x**3 - 2*x**2 - 3. Let v be n(-3). Suppose -5*r = -16 + v. Suppose -3*u = -y + 39, -2*y + r*u + 70 = -0*y. Is y prime?
False
Let t = -536 - -1294. Let k = 1639 - 562. Let m = k - t. Is m composite?
True
Suppose -268 = -3*i + 95. Let r = i + -2. Let m = -52 + r. Is m prime?
True
Is 875644/68 + (-10 - 1176/(-119)) a prime number?
False
Suppose -6*b = b. Is (b - 5/(-4))*148 prime?
False
Let r(p) = 3*p**3 - 3*p**2 - 5*p + 10. Let u be r(6). Let m = u + -370. Let t = m + -95. Is t a prime number?
False
Let h = -521 - -4072. Is h prime?
False
Suppose -96 = 2*y + 2*y. Let c = 9 - y. Suppose -3*d = -69 - c. Is d prime?
False
Let c(z) = -29*z**3 + 2*z**2 + 4*z + 3. Let k be -6 - (-1 + 0 + -3). Is c(k) prime?
False
Let v(a) = 851*a**3 - a. Let i be v(1). Let f = i + -435. Is f prime?
False
Let u = -15 + 6. Is (-10740)/(-16) - -1 - u/12 prime?
True
Let g(a) = 26*a - 13. Is g(16) a prime number?
False
Suppose 2*o = 7*o - 1390. Suppose 5*t = 737 + o. Is t a prime number?
False
Suppose 5*b - 12 = 3. Is -71*(-5 - (-5 + b)) composite?
True
Let q be -3 + (16432/(-24))/((-4)/6). Suppose -q = -2*x - 2*s, 0 = x + 2*s - 396 - 113. Is x composite?
True
Suppose o = a - 4*o - 737, -4*o - 1504 = -2*a. Let f = -353 + a. Is f composite?
False
Suppose 0 = -105*n + 146*n - 1762057. Is n composite?
True
Suppose -145371 = -7*q - 48134. Is q composite?
True
Let s(m) = -357*m + 55. Is s(-24) a prime number?
True
Is 46906/10 + 15/(600/16) a prime number?
True
Let q be -9*5/(-75)*-5. Is (898/q)/((-6)/9) a prime number?
True
Let d(s) = -s**2 - 2*s + 3. Let h be d(-3). Suppose h = 2*o - o - 318. Let a = -97 + o. Is a prime?
False
Let o(m) = -m**2 + 11*m - 4. Let c be o(9). Let g(q) = -q**3 + 20*q**2 - 4*q - 33. Is g(c) composite?
False
Let h(c) = -30*c**3 - 5*c - 4. Is h(-3) composite?
False
Let f = 141 - -68. Let n = f + 224. Suppose -3*h + 55 - n = -3*g, 2*h - 486 = -4*g. Is g prime?
False
Let d(a) = 39*a**2 + 17. Let k be d(9). Let u = -891 + k. Is u a composite number?
True
Let i = -2150 - -14682. Is i/10 - 7/35 a prime number?
False
Suppose 300906 = 11*q + 74933. Is q composite?
False
Suppose -2*g - 9586 = -3*j, 4*j = 5*g + 12773 + 20. Suppose -2*l = -s - 2131, l + 3*s + j = 4*l. Is l composite?
True
Let v(f) = 67*f + 196. Is v(13) prime?
False
Let j be 3/1 - (-5)/((-20)/12). Suppose j = 7*c - 81 -